divided by 6.
5
Suppose -3*b = -5*n + 270, -b - 107 = -2*n - 0*b. What is the remainder when n is divided by 28?
23
Suppose 3*n = -3 + 15. Let d = -18 - -35. Suppose -5*h + d + 4 = -3*f, 0 = h + 4*f - 18. What is the remainder when h is divided by n?
2
Suppose 3*u + 11 = -4*j, 3*u = 2*u + j + 8. Suppose 0 = t + 4*s + 4, u*t + 2*s - 16 = t. Let n = 34 - 11. Calculate the remainder when n is divided by t.
11
Suppose -155 + 55 = -4*j. What is the remainder when j is divided by 7?
4
Suppose -3*d = -15 - 36. What is the remainder when 48 is divided by d?
14
Let a = -7 + 11. What is the remainder when 4 is divided by a + -3 + -2 + 4?
1
Let n(p) = p**3 + 5*p**2. Let g be n(-5). Calculate the remainder when 4 is divided by (-2 - g) + 4 + 1.
1
Suppose 0 = 2*i + 2*i + 16, 0 = 3*b - 2*i - 62. Let w(d) = 0*d - 2*d - 3*d**3 + 14*d**3 + 1. What is the remainder when b is divided by w(1)?
8
Suppose -7*i - 3*i + 1270 = 0. Calculate the remainder when i is divided by 19.
13
Suppose 0 = 4*l + 4*i - 12, -4 + 3 = i. Suppose 4*f + 17 + 3 = 0. What is the remainder when l is divided by (f/((-15)/12))/2?
0
Suppose 0 = 2*q + 3*j - 8, -6*q + 3*q + j + 12 = 0. Suppose 0 = n + q*n - 5. What is the remainder when n is divided by 1?
0
Suppose -4*r - 7*t = -2*t + 5, 0 = r + t. Let k be (2/r)/(3/15). Suppose 2*f - 136 = -k*f. Calculate the remainder when f is divided by 12.
10
Let a be 3 + 2/(2/(-17)). Calculate the remainder when (-10)/(-3 + a/(-5)) is divided by 17.
16
Let j be (-2)/(-9) - 1090/45. Let d = 21 - j. What is the remainder when d is divided by 16?
13
Let t(l) = 7*l**2 + 2*l + 1. Let i be t(-1). Calculate the remainder when (36/(-8))/((-1)/i) is divided by 10.
7
Suppose 2*a - 51 + 17 = -2*l, 4*a + 2*l = 60. Let d = a + -8. Let j(w) = 8*w. What is the remainder when j(1) is divided by d?
3
Suppose -6*t = 4*z - t - 85, z = -3*t + 30. Let i(w) = -4*w + 5. Calculate the remainder when i(-6) is divided by z.
14
Let u be (3*4/(-6))/1. Let y be ((-4)/(-5))/(u/(-65)). Let n = -9 + y. Calculate the remainder when n is divided by 9.
8
Let s(i) = 23*i. Calculate the remainder when s(1) is divided by (3/(-2))/(9/(-48)).
7
Let u(k) = k**3 - k**2 - 1. Let w(x) = -6*x**2 + x - 5. Let p(r) = -6*u(r) + w(r). Calculate the remainder when 11 is divided by p(-1).
5
Let c(i) = i**3 + 8*i**2 - 8*i + 13. Let s be c(-9). Let k be 4/s - (5 - -1). Calculate the remainder when 13 is divided by ((-6)/(-2))/(-3)*k.
3
Suppose -2*r - 25 = 5*i - 6*i, 5*r + 47 = 2*i. What is the remainder when 91 is divided by i?
29
Suppose -3*k + 6*k - 1 = -d, 4*d - 25 = -5*k. Calculate the remainder when 27 is divided by d.
7
Suppose 3*i = -5*z - 14, 0 = -i + 2*z + z + 14. Let x be i*(-2 - 3/(-2)). Calculate the remainder when 15 is divided by 7 + (-3 - x)/(-2).
7
Let g be -5*(-2)/10*4. Suppose -g*d + 0*d = 0. Let i(o) = -o**3 + 14. What is the remainder when 27 is divided by i(d)?
13
Let s = 42 + -30. What is the remainder when 23 is divided by s?
11
Let s = 1 + 24. Suppose 2*d - 220 + 26 = 0. What is the remainder when d is divided by s?
22
Let k = -118 + 199. What is the remainder when k is divided by 12?
9
Let v(b) = 5*b. Let l be v(1). Suppose -3*y = 4*d - 80, l*y + 2*d - 122 = d. What is the remainder when 71 is divided by y?
23
Suppose -27 = -t - 2*t. Let o(r) = -r**3 - 5*r**2 + 6*r + 5. What is the remainder when t is divided by o(-6)?
4
Let z(f) = 9*f - 8. Let h(c) = -c + 1. Let m(p) = 6*h(p) + z(p). What is the remainder when 74 is divided by m(7)?
17
Suppose 3*p = -2*x + 33, 6*p + 4*x - 53 = p. Suppose -3*j + 6 = -0. Suppose t - a = -5*a + 3, -2*a = -j*t + 16. Calculate the remainder when p is divided by t.
6
Suppose 4*d + 3*v - 23 = 0, -17 = -d - 3*d + 3*v. Calculate the remainder when d is divided by 3.
2
Suppose -3*h - x + 143 = 0, 3*h = 2*x + 235 - 98. Calculate the remainder when 91 is divided by h.
44
Suppose 0 = 8*x + 2*x - 260. Calculate the remainder when 181 is divided by x.
25
Let i(m) = 4*m**2 - 3*m - 1. Let d(t) = 5*t - 6 + 2*t**2 + 12 - 8. What is the remainder when d(-7) is divided by i(-2)?
19
Let j be 4/2*(1 - 0). Suppose -j = 2*d - 36. Let t(x) = x**3 + 49. What is the remainder when t(0) is divided by d?
15
Suppose 0 = 4*h + 5*f - 35, -3*h - h = -4*f - 8. Suppose 5*j - 21 = 4*x, -5*j - 1 + 2 = x. Let l(w) = 9*w. Calculate the remainder when l(j) is divided by h.
4
Let u = 0 + 3. Suppose -5*k + 42 = -u*m, -2*k + 16 = 2*m - 4*m. Suppose -5*p = -p - 100. Calculate the remainder when p is divided by k.
7
Suppose 24 = 4*c + 8. Suppose -3*x - 3 = 2*f + 3*f, -c*f = 2*x + 4. Calculate the remainder when 10 is divided by x.
2
Let y(w) = -w**3 + 5*w**2 + 6*w + 5. Let s be y(6). Suppose 3*g = -s + 59. Calculate the remainder when (-976)/(-28) + (-2)/(-14) is divided by g.
17
Let q(z) = -z**3 + 8*z**2 - 5*z + 3. Let k be q(5). Let h(p) = 3*p**2 - 5*p - 4. Let u be h(-3). Let i = k - u. What is the remainder when i is divided by 6?
3
What is the remainder when (2/2)/(3/51) is divided by 5?
2
Let q = 7 + 24. Suppose -4*o = -2*v - 250, 3*v + 320 = 5*o - 2*v. What is the remainder when o is divided by q?
30
What is the remainder when 504/(-90)*5/(-2) is divided by ((-1)/(-3))/((-1)/(-15))?
4
Suppose -k = -31 - 125. Calculate the remainder when k is divided by 53.
50
Suppose -4*p = -2*c + 28, -3*p - 2*p + 4*c - 35 = 0. Let s = p + 16. Calculate the remainder when 16 is divided by s.
7
Let u(a) = a + 29. What is the remainder when (-8)/6*138/(-4) is divided by u(-13)?
14
Let o(z) = -z**3 - 7*z**2 + 5*z + 2. Calculate the remainder when o(-8) is divided by 9.
8
Let r = -67 + 117. Let d = r + 0. What is the remainder when d is divided by 17?
16
Let j = 7 + -4. Suppose y - j*y = -34. Let t(i) = i**2 + 2*i - 2. What is the remainder when y is divided by t(-4)?
5
Let g be (-7 - -309)/(-1 + 3). Suppose -g + 31 = -3*s. Calculate the remainder when s is divided by 14.
12
Suppose 49 + 11 = 3*c. Calculate the remainder when 58 is divided by c.
18
Suppose 4*z = -3*t + 112, 4*z - 180 = -5*t - z. Let o = 26 - 15. Calculate the remainder when t is divided by o.
10
Let r = 64 - 33. Calculate the remainder when r is divided by 16.
15
Let p(x) = x**2 - 10*x - 7. What is the remainder when p(14) is divided by 19?
11
Suppose 2*z + s - 11 = -0*z, 2*z + 4*s - 26 = 0. Suppose 0 = -o - o - 3*k + 16, z*o - k - 24 = 0. Calculate the remainder when 14 is divided by o.
6
Let r(x) = x**3 - 12*x**2 + 13*x + 5. Let k(h) = 2*h - 3. Let j be k(7). Let i be r(j). Suppose 4*p - 25 = i. What is the remainder when 37 is divided by p?
11
Let f(j) = j**3 - 4*j**2 - 2*j + 7. Suppose 4*a + s - 64 = -s, 4*s = -5*a + 80. Suppose 5*r - a = 44. What is the remainder when f(5) is divided by r?
10
What is the remainder when 76 is divided by (-1)/(-10)*-2 + (-131)/(-5)?
24
Suppose -y = 2*y. Let f = 7 - 0. What is the remainder when (-5)/((-5)/12) - y is divided by f?
5
Let z(w) = 10*w**3 - 9*w**2 - 10*w - 5*w**3 - w**3 - 4 - 5*w**3. What is the remainder when 58 is divided by z(-8)?
10
Let y(t) = t - 1. Let w be y(4). Let l = -4 + 12. What is the remainder when 15 - ((-6)/(-2))/w is divided by l?
6
Suppose -9 = -3*w - 15. Calculate the remainder when (308/33)/(w/(-3)) is divided by (22/(-6) - -1)*-3.
6
Suppose 3*z - 64 = -z. Calculate the remainder when 31 is divided by z.
15
Suppose -5*v = -4*l - 9, -3*v = -3*l - 0*l - 3. Calculate the remainder when (-1)/l + 226/8 is divided by 10.
8
Let w(p) = -p**2 + 8*p. Let j be w(7). Let q(b) = -5*b**2 + 4*b - 5. Let r be q(j). Calculate the remainder when (8/(-12))/(4/r) is divided by 13.
11
Let u be 3 + -4 + 3 + -1. Suppose 0 = -2*f + 9 - u. Suppose 0 = -3*n + b + 8, -3*n = -b + f*b. What is the remainder when 3 is divided by n?
1
Suppose 0 = -a + 3, 3*f + a - 13 = 5*f. Calculate the remainder when 41 is divided by (2/f)/((-3)/105).
13
Suppose 36 = -r + 4*r. Suppose 13 = 2*n + x - 33, 0 = -5*n + x + 101. Calculate the remainder when n is divided by r.
9
Suppose 3*u - 514 = -5*j + 601, -j - u = -223. What is the remainder when j is divided by 45?
43
Let n = 19 + 3. What is the remainder when n is divided by 6?
4
Suppose -b - 2 = -3. What is the remainder when 2 is divided by b?
0
Suppose 117 = 4*o - 5*h, o - 5*h = 3*o - 21. What is the remainder when o is divided by 6?
5
Let k = 54 + -16. Calcul